8?
8
What is the hundred thousands digit of 3690942?
6
What is the ten thousands digit of 1729420?
2
What is the hundred thousands digit of 339886?
3
What is the hundred thousands digit of 209497?
2
What is the thousands digit of 48185?
8
What is the hundred thousands digit of 10568192?
5
What is the thousands digit of 393202?
3
What is the tens digit of 113855?
5
What is the thousands digit of 191877?
1
What is the hundred thousands digit of 219882?
2
What is the ten millions digit of 15055692?
1
What is the thousands digit of 3027222?
7
What is the thousands digit of 365515?
5
What is the hundred thousands digit of 127423?
1
What is the millions digit of 2461791?
2
What is the thousands digit of 1062943?
2
What is the hundreds digit of 2247764?
7
What is the tens digit of 4661957?
5
What is the ten thousands digit of 409767?
0
What is the millions digit of 4502342?
4
What is the units digit of 153225?
5
What is the thousands digit of 5435226?
5
What is the ten thousands digit of 226081?
2
What is the units digit of 2112910?
0
What is the hundreds digit of 8017068?
0
What is the thousands digit of 173603?
3
What is the tens digit of 4948405?
0
What is the thousands digit of 89330?
9
What is the millions digit of 1001274?
1
What is the thousands digit of 498411?
8
What is the thousands digit of 1288015?
8
What is the tens digit of 13277273?
7
What is the hundreds digit of 503671?
6
What is the hundreds digit of 353268?
2
What is the hundreds digit of 348984?
9
What is the tens digit of 34875?
7
What is the tens digit of 178603?
0
What is the ten thousands digit of 1514626?
1
What is the tens digit of 496723?
2
What is the ten thousands digit of 186578?
8
What is the thousands digit of 52213?
2
What is the thousands digit of 841322?
1
What is the hundreds digit of 740500?
5
What is the ten thousands digit of 34648?
3
What is the hundred thousands digit of 1150658?
1
What is the ten thousands digit of 915169?
1
What is the units digit of 13521350?
0
What is the hundred thousands digit of 3334322?
3
What is the ten thousands digit of 63404?
6
What is the thousands digit of 24100960?
0
What is the units digit of 195850?
0
What is the tens digit of 175870?
7
What is the tens digit of 63740?
4
What is the tens digit of 629352?
5
What is the units digit of 21157?
7
What is the thousands digit of 6510332?
0
What is the hundred thousands digit of 205969?
2
What is the units digit of 3001778?
8
What is the ten thousands digit of 21074407?
7
What is the millions digit of 8897455?
8
What is the tens digit of 2405571?
7
What is the hundreds digit of 1327884?
8
What is the units digit of 8727355?
5
What is the units digit of 201708?
8
What is the thousands digit of 4762714?
2
What is the millions digit of 9538193?
9
What is the tens digit of 16728195?
9
What is the millions digit of 12356653?
2
What is the tens digit of 16732028?
2
What is the ten thousands digit of 8346528?
4
What is the ten thousands digit of 7685783?
8
What is the millions digit of 10697206?
0
What is the hundred thousands digit of 13633412?
6
What is the hundred thousands digit of 3450921?
4
What is the millions digit of 4119275?
4
What is the hundreds digit of 616638?
6
What is the hundred thousands digit of 684426?
6
What is the units digit of 198243?
3
What is the ten thousands digit of 392387?
9
What is the ten thousands digit of 33806?
3
What is the thousands digit of 162967?
2
What is the hundreds digit of 3841728?
7
What is the units digit of 1266276?
6
What is the thousands digit of 2742675?
2
What is the thousands digit of 220389?
0
What is the millions digit of 6019011?
6
What is the units digit of 32732?
2
What is the ten thousands digit of 4600765?
0
What is the ten thousands digit of 1042854?
4
What is the tens digit of 1966208?
0
What is the thousands digit of 4244?
4
What is the ten thousands digit of 155798?
5
What is the tens digit of 3673458?
5
What is the hundred thousands digit of 818645?
8
What is the units digit of 1392120?
0
What is the hundred thousands digit of 3287475?
2
What is the thousands digit of 1029634?
9
What is the millions digit of 15507760?
5
What is the hundreds digit of 167635?
6
What is the tens digit of 1030148?
4
What is the ten thousands digit of 8327043?
2
What is the ten thousands digit of 107902?
0
What is the thousands digit of 313038?
3
What is the ten thousands digit of 9422715?
2
What is the tens digit of 3600082?
8
What is the thousands digit of 88305?
8
What is the hundred thousands digit of 6800095?
8
What is the tens digit of 562737?
3
What is the tens digit of 1927589?
8
What is the units digit of 28588718?
8
What is the thousands digit of 4763152?
3
What is the hundreds digit of 204136?
1
What is the hundreds digit of 159237?
2
What is the ten thousands digit of 1163362?
6
What is the millions digit of 1116554?
1
What is the tens digit of 1582061?
6
What is the thousands digit of 1430468?
0
What is the hundreds digit of 921767?
7
What is the units digit of 60521?
1
What is the thousands digit of 782789?
2
What is the units digit of 1143700?
0
What is the units digit of 22487112?
2
What is the tens digit of 761?
6
What is the units digit of 4663673?
3
What is the tens digit of 812132?
3
What is the tens digit of 1207421?
2
What is the thousands digit of 2419577?
9
What is the thousands digit of 3252630?
2
What is the hundred thousands digit of 14486700?
4
What is the thousands digit of 65518?
5
What is the units digit of 1014798?
8
What is the tens digit of 4350737?
3
What is the ten millions digit of 25690294?
2
What is the tens digit of 982096?
9
What is the tens digit of 1255526?
2
What is the units digit of 2902069?
9
What is the millions digit of 1023027?
1
What is the hundreds digit of 9935985?
9
What is the ten thousands digit of 196001?
9
What is the thousands digit of 9320680?
0
What is the ten thousands digit of 2603529?
0
What is the hundreds digit of 669004?
0
What is the thousands digit of 279652?
9
What is the hundreds digit of 20660454?
4
What is the ten thousands digit of 8659671?
5
What is the hundred thousands digit of 257034?
2
What is the thousands digit of 13790753?
0
What is the thousands digit of 217873?
7
What is the thousands digit of 3787768?
7
What is the tens digit of 285237?
3
What is the units digit of 378633?
3
What is the thousands digit of 275642?
5
What is the thousands digit of 69466?
9
What is the thousands digit of 474181?
4
What is the ten thousands digit of 2904739?
0
What is the units digit of 2536274?
4
What is the hundreds digit of 6733935?
9
What is the thousands digit of 281464?
1
What is the tens digit of 49087?
8
What is the hundred thousands digit of 2899605?
8
What is the ten thousands digit of 3212925?
1
What is the hundred thousands digit of 1140486?
1
What is the hundred thousands digit of 3792398?
7
What is the thousands digit of 5235911?
5
What is the millions digit of 8014870?
8
What is the tens digit of 1870754?
5
What is the tens digit of 491512?
1
What is the hundred thousands digit of 2961042?
9
What is the hundreds digit of 10049547?
5
What is the hundred thousands digit of 399886?
3
What is the millions digit of 9138533?
9
What is the ten thousands digit of 15396119?
9
What is the units digit of 605991?
1
What is the hundreds digit of 1278281?
2
What is the hundred thousands digit of 588896?
5
What is the millions digit of 2264445?
2
What is the thousands digit of 8497847?
7
What is the units digit of 894363?
3
What is the hundreds digit of 2777205?
2
What is the ten thousands digit of 252978?
5
What is the hundreds digit of 12198950?
9
What is the thousands digit of 254777?
4
What is the ten thousands digit of 206345?
0
What is the hundreds digit of 3089?
0
What is the hundreds digit of 330608?
6
What is the ten millions digit of 12825421?
1
What is the ten thousands digit of 226236?
2
What is the ten thousands digit of 199746?
9
What is the millions digit of 13070300?
3
What is the units digit of 201577?
7
What is the units digit of 15173353?
3
What is the hundreds digit of 5394430?
4
What is the hundred thousands digit of 908466?
9
What is the ten thousands digit of 22964?
2
What is the millions digit of 1590377?
1
What is the units digit of 53290?
0
What is the ten